 - 8 - 1)) + -7.
6
Calculate 8 + (-11 - (-17 - -11)) + 18.
21
Calculate 19 + 3 + -23 + 19 - 4.
14
(3 - 14) + 21 + (-36 - -4)
-22
What is the value of -18 + 21 - ((-5 - -1) + 0)?
7
Calculate 37 - (-2 + 14 - -22).
3
(-2 - -2) + 7 + (4 - 4 - 4)
3
What is 30 + -25 + 6 + -24?
-13
What is the value of (12 - 6 - 4) + (-12 - -4)?
-6
What is the value of 44 + -37 + (-2 - -6)?
11
Calculate 7 + -5 + -16 + 5 + 4 - 9.
-14
Calculate 17 + -33 - -11 - (-4 + -9).
8
Calculate 0 + -3 - (3 + (-20 - -17)).
-3
What is (4 - -3) + (3 - (9 + -7))?
8
Calculate (-12 - (1 - 17)) + -6.
-2
Evaluate 7 - (-8 + (-7 - (-3 + -9))).
10
Evaluate (-1 - 3) + 3 + 0 + (-65 - -69).
3
Evaluate 26 + (-17 - -6) - 20.
-5
Evaluate -37 + 8 + 11 - -20.
2
-12 + -5 + (16 - 6)
-7
Evaluate (147 + -136 - (-1 - -13)) + (-1 - -9).
7
What is the value of 6 + 1 + (3 - 14)?
-4
What is 19 - (5 - -8) - -6 - -3?
15
What is the value of 1 + -29 + -1427 + 1477?
22
Evaluate (3 - 5) + 286 + -266.
18
Evaluate 12 + (22 - (-15 + 9)).
40
Evaluate -66 - -69 - ((1 - 7) + (5 - 2)).
6
Calculate 815 - 817 - (0 + (-1 - 0)).
-1
Calculate 3 + 1 - (4 - -19 - 19) - 2.
-2
(-22 - (-20 + 3)) + (5 - 2) + -2
-4
What is the value of (-2 - 1) + -114 + 58 + 50?
-9
(0 + 17 - 36) + 16
-3
What is (4 + -4 - 3) + (24 - 7)?
14
What is the value of (11 - 0) + 5 + 3 + -51?
-32
Calculate (-1 - (2 + -2)) + -3 + -39 + 49.
6
148 + -147 - (11 + 3 + -6)
-7
What is the value of 16 + -4 + (5 - -2) - -1?
20
What is (8 + -16 - 1) + (-34 - -42)?
-1
Evaluate 8 - (-11 - (-25 - -10)).
4
Evaluate (-2 + -2 - (2 - 0)) + (583 - 589).
-12
Evaluate -10 + -22 + (12 + (-3 - 2) - -2).
-23
-124 + 130 + (2 - (-2 + 0 - -16))
-6
Evaluate -25 + 27 + (-1 - -4) - -20.
25
(2 - (3 + -4)) + (8 + -15 - -17)
13
What is the value of (9 - (-2 + (17 - 6))) + (1 - -10)?
11
What is 3 - -11 - -3 - (-255 + 245)?
27
What is -10 + 4 + (-12 - -36)?
18
(3 - 3) + -11 - (214 - 197)
-28
What is the value of 9 + 5 + (18 - 7) - 9?
16
What is the value of (25 - 42) + 29 + -16 + 3?
-1
Calculate 4 - (-4 - (3 - 5 - 3)).
3
Evaluate 0 + 30 + (-57 - -28).
1
-16 + (22 + 1 - -5)
12
Evaluate -13 + (1 - 10 - (-357 + 360)).
-25
What is -16 - ((4 - 19) + 5 + -5)?
-1
What is the value of 24 - (-34 - (-80 + 5))?
-17
Calculate (-3 - 13 - -6) + 0.
-10
1 + 0 + -2 - (-29 + 5 - -24)
-1
What is the value of (-20 - -16) + 11 - (2 - -4)?
1
What is (-9 - -5) + 5 + -1 + 8 + -19?
-11
What is the value of -236 + 225 + 9 + (-1 - 0)?
-3
What is the value of -14 + (-2 - (-34 - -29))?
-11
Evaluate (16 - -3) + 2 - (9 - 1).
13
Evaluate (0 - -1) + (-26 - (-45 - -20)).
0
What is 6 + 10 + -20 + (2 - 6) + -4?
-12
3 - (-17 - -6 - -9)
5
-8 - (13 + (-11 - -4))
-14
Evaluate 8 - (6 + -15) - 18.
-1
What is the value of -8 + 5 + (-6 + 9 + 5 - 8)?
-3
0 + 4 - (-10 + 10)
4
What is -1 + -14 + 7 + 20?
12
Evaluate -7 + (19 - 3) - -5 - -8.
22
What is -14 + 4 + -11 + 20?
-1
What is -7 + 10 + 7 + (2 - -1)?
13
-14 + (-4 - -12) + 2 + 3
-1
1 + 4 + -6 + (0 - 4)
-5
What is the value of 18 + 0 + -3 - 16?
-1
-1 + -12 + -57 + 126 + -35
21
Evaluate 8 - (-9 - (-8 - 6 - 10)).
-7
Calculate (-19 - -32 - 28) + 33.
18
What is 22 + -14 + (-27 - 0)?
-19
Evaluate 1 - -1 - (3 + (-8 - 4)).
11
8 + 16 + (-11 - 13)
0
What is 1 + 3 + (-30 + -1 - -10)?
-17
Calculate -9 - (-36 + -11 + 39).
-1
What is the value of 46 + -72 + 3 + (4 + -8 - 8)?
-35
-31 + -5 + (7 - -3) + (3 - 1)
-24
Evaluate -3 - 2 - (-49 + 41) - 13 - -8.
-2
0 + -10 - (-11 + (22 - 12) + 7)
-16
Evaluate (11 + -17 + -1 - 2) + (12 - 11).
-8
33 + -70 + 32 + -1 + -2
-8
-5 - (-2 - -3 - (-7 - -4))
-9
Calculate -9 + (-3 + (19 - 10) - -4).
1
-1 + -11 + 2 + 14 - 35
-31
(-3 - -29 - 8 - 10) + -5
3
Calculate 6 - 3 - (-97 - -117).
-17
Evaluate -15 + 48 + (-40 - -13).
6
Evaluate (0 + 13 - -7) + -40.
-20
-20 + 15 - (-5 + -5)
5
Evaluate (1 + (-17 - 5) - (20 - 23)) + 10.
-8
-1 - (15 - 9 - (14 + -2 + -1))
4
What is the value of (16 - -1) + 53 + -51 + 5 + -2?
22
What is the value of -30 + 0 + (1 + 15 - (-62 + 71))?
-23
What is the value of -3 + (4 - 2) + (-41 - -41)?
-1
3 - (-10 - -6) - (-3 + 2)
8
Evaluate 9 - -12 - 6 - 3.
12
Evaluate (9 - 1) + -3 - (-1 - -17).
-11
Evaluate -24 + 18 - ((2 - 4) + 0).
-4
Evaluate -3 + (-25 - -18 - -29).
19
Calculate -41 + (28 - 18 - (-4 + 5)).
-32
What is (-4 - -1) + (9 + -25 - -30)?
11
Evaluate 8 + 21 + -13 + -21.
-5
3 + 16 + 69 + -64
24
Calculate (11 - 6) + -17 + -2.
-14
Evaluate -28 - -28 - (1 + 4).
-5
-8 - (-11 + (-9 + 28 - 8))
-8
What is (0 - 2) + -2 + -82 + 132 + -49?
-3
What is (3 - (-1 + -1 + 144 + -110)) + 7?
-22
10 - ((-11 - 6 - -37) + 3)
-13
15 + (18 - 29) - 4 - -6
6
What is -18 - -7 - (7 + 2)?
-20
0 - (4 - (-5 + (4 - -10)))
5
Calculate 0 - (-1 - -4 - (15 + -21)) - 9.
-18
Calculate 34 - ((59 - 23) + -14).
12
Evaluate (-14 - (-12 + 7 + 2)) + (-9 - 1).
-21
What is 2 + (6 - 2) - (-407 + 433)?
-20
Evaluate (-35 + 43 - -5) + 10.
23
Evaluate -5 + (-10 - 10) - (0 + 1 + -4).
-22
Evaluate 18 + -18 - -22 - (0 + -2 + 10).
14
What is 2 - (-5 - 7) - 19?
-5
Evaluate -4 + (4 - 7) + -40 + 36.
-11
Evaluate -37 + 22 + 10 + -5.
-10
Calculate 6 + (-7 - (-14 + 0) - 1 - 8).
4
(-2 - (1 + 6)) + (-50 - (-36 + -3))
-20
Evaluate (-586 + 578 - (10 + 1)) + 0 + 2.
-17
What is 1 - -1 - (-40 + -31 + 66)?
7
Evaluate 13 - ((4 + 0 - 0) + -17 - -4).
22
Calculate 8 + -5 + (-8 - -8) + 3.
6
What is (3 - (1 + 3)) + -1 + -12?
-14
What is the value of (2 - -15) + -10 + -29?
-22
Calculate 5 + -1 + (366 - 377).
-7
What is the value of -23 + 11 - -10 - (-5 - -6)?
-3
Calculate 31 - (-27 - (-18 - 40)).
0
38 + 0 - (-17 - (-31 + 2))
26
What is the value of (-7 + (-6 + 2 - 1) - -5) + 25?
18
What is (12 - 24) + 2 + 5 + 7?
2
Evaluate (-11 - 6) + 3 - (5 + 1 - -1).
-21
Calculate 3 + (-1 - 0) + 20 + 1 + -28.
-5
What is the value of (-1 - -11) + 7 + -1?
16
What is -4 - (23 + -11 - 2 - (-6 + -2))?
-22
-1 + -1 + (39 - 20)
17
What is the value of 1 - (2 - 4) - (50 - 39)?
-8
What is the value of -26 - (5 - -6 - (29 - 25))?
-33
Evaluate 9 + -2 + 0 + -6 + -91 + 62.
-28
(2 - (-4 + -1) - 11) + (7 - 5)
-2
What is -11 + (1 - -6) + (-11 - -11 - 2)?
-6
What is 16 + -32 + 33 + -23?
-6
Evaluate 202 - 239 - (-41 - 1).
5
What is the value of -1 + (32 - (-7 + 4 + 2 - -10))?
22
Evaluate (-2 - 39) + (-13 + -13 + 48 - 17).
-36
Calculate 8 + -9 + 2 + 0 + -4.
-3
(-26 - (-2 + -27)) + 24
27
18 + (-11 + 3 - 2 - 2)
6
What is -12 + (0 - (-3 + -6)) + -5 + -19?
-27
Evaluate -3 - (68 + -73 + 0 + 14).
-12
199 + -160 - (1 - -18)
20
What is 0 + -6 + (1 - -9) - -2 - -1?
7
What is the value of -20 - (4 + -25) - (-2 + 0)?
3
Calculate (-174 - -183) + 1 + -15 + (0 - -5).
0
Evaluate 6 - ((-7 - -6) + (-2 - (2 - 2))).
9
Calculate (1 - 9) + (712 - 715).
-11
Evaluate -44 + -4 + (27 - -7).
-14
Evaluate -5 + 1 - (0 + 1 - (88 + -89)).
-6
Calculate -1 + -14 - (-3 + -23).
11
Calculate 2 - (6 - (-5 + 7)) - 7.
-9
What is the value of -4 + 2 + -3 - (1 + -2)?
-4
What is the value of 10 - 1 - (-1060 - -1040)?
29
Calculate -12 - (3 - (-2 + 8 - (2 - -7))).
-18
Evaluate 7 + (-16 - (-16 + 3)).
4
(13 - (31 - 14)) + 3
-1
What is (-5 - (-1 - -1)) + -59 + 65?
1
What is 2 + -5 + 0 + 18 + 5?
20
Evaluate (6 - 6) + -7 - (5 - (6 - 0)).
-6
What is (84 - 15) + -16 + -23?
30
(-9 + -14 - -6) + 6 + -10
-21
What is the value of (-20 - (0 + -20 + 18)) + -6?
-24
Calculate 3 + (-2 - 4) - (14 + -8).
-9
50 + -53 + -1 + 15 + -1
10
Calculate -18 - (-8 - -4) - -13.
-1
Calculate 10 + -38 + 17 - -16.
5
What is 9 + 9 + -24 - 0?
-6
-28 + (28 + 2 - 42)
-40
Evaluate -2 + 6 - (-3 + 17 + -13).
3
What is (-69 + 69 - (13 + -3 + -1)) + -8?
-17
4 - (0 + (0 - -6) + 1 + -5)
2
Calculate 0 + -2 + 7 - (24 + (11 - 42)).
12
What is the value of -29 + 22 - (2 + 0 + -18 + 2)?
7
What is the value of -2 + -18 - (71 - 82)?
-9
What is -9 - (-8 + 12 + -13)?
0
What is the value of 4 + (-4 - (-6 + 4 + (4 - 9)))?
7
14 - (-10 + 25 + -16)
15
Evaluate -10 + (-19 - -41) - -5.
17
(7 + -8 + -1 - 0) + -11
-13
What is the value of (-3 - -16) + -7 - 2?
4
3 + -15 + 6 + 1 + (23 - 33)
-15
Calculate (-2 - -26) + -3 + -4.
17
Evaluate -7 + 1 + (-1 + 9 - (56 - 47)).
-7
What is the value of 4 - ((-8 - -1) + 8) - (2 - 3)?
4
2 - -16 - (19 - (22 + -10))
11
What is -11 + 11 + (4 + 3 - 0)?
7
Calculate -13 - (1 - 2 - (45 + -50)).
-17
Evaluate (2 - 3) + (-15 + 3 + 5 - -2).
-6
What is 15 - (26 - 14) - 1?
2
What is the value of (21 - (-1 + 9 + 1 + -9)) + 3?
24
W